?
True
Is 359048670 a multiple of 17?
True
Does 130 divide 946774?
False
Does 65 divide 194824500?
True
Does 66 divide 25676752?
False
Does 2 divide 393865?
False
Is 63705864 a multiple of 2011?
False
Is 12 a factor of 327073724?
False
Does 56 divide 30424060?
False
Is 3182088562 a multiple of 1166?
False
Does 54 divide 23430249?
False
Is 1606 a factor of 1853426033?
False
Is 74952114 a multiple of 753?
True
Is 622 a factor of 6716356?
True
Does 15 divide 18728415?
True
Is 173916925 a multiple of 312?
False
Is 194 a factor of 51493614?
True
Does 1048 divide 154973044?
False
Is 38 a factor of 1243929376?
False
Is 1544340 a multiple of 6?
True
Does 491 divide 47872009?
True
Is 75 a factor of 20238855?
False
Is 34582385 a multiple of 30?
False
Does 110 divide 37493128?
False
Is 1936396155 a multiple of 27?
False
Is 2826 a factor of 47852658?
True
Does 30 divide 151951260?
True
Is 162941453 a multiple of 9?
False
Is 50704335 a multiple of 495?
True
Is 2287 a factor of 3825546683?
False
Is 65 a factor of 7478900?
True
Is 73 a factor of 180577983?
True
Is 989492192 a multiple of 16?
True
Is 1132211364 a multiple of 267?
True
Is 30 a factor of 4329977880?
True
Is 2911 a factor of 164708208?
False
Is 1819194 a multiple of 83?
True
Is 174 a factor of 196413114?
True
Is 3947 a factor of 1135536630?
False
Is 2180947006 a multiple of 7?
True
Does 15 divide 627887650?
False
Is 138994271 a multiple of 53?
False
Is 14491150 a multiple of 230?
True
Is 610801913 a multiple of 17?
False
Is 205 a factor of 76947775?
True
Is 804860885 a multiple of 150?
False
Is 1125557010 a multiple of 410?
True
Is 1869855 a multiple of 215?
True
Is 12 a factor of 40909116?
True
Does 229 divide 3743692?
True
Is 19509474 a multiple of 69?
True
Is 25 a factor of 2073158600?
True
Is 34851037 a multiple of 91?
False
Is 27 a factor of 621670923?
True
Does 1158 divide 36665147?
False
Is 3373 a factor of 485128471?
True
Is 2244 a factor of 1891949873?
False
Is 912 a factor of 155075255?
False
Is 71998192 a multiple of 112?
True
Is 2004053376 a multiple of 384?
True
Is 2202305 a multiple of 7?
True
Does 13 divide 30696743?
False
Is 1199389 a multiple of 24?
False
Does 11 divide 9099728?
True
Is 67454438 a multiple of 9?
False
Is 1142 a factor of 12469840?
False
Is 493 a factor of 18378389?
False
Is 13 a factor of 1925137?
False
Does 17 divide 743052692?
False
Does 9 divide 354160206?
True
Does 14 divide 165594758?
True
Does 580 divide 20670620?
True
Is 236 a factor of 857903896?
True
Is 36421898 a multiple of 94?
True
Is 27 a factor of 35265964?
False
Does 10 divide 5142960?
True
Does 97 divide 395996874?
True
Does 18 divide 103672422?
True
Is 8 a factor of 35890849?
False
Does 7 divide 243448702?
True
Is 74 a factor of 1998178347?
False
Is 524816092 a multiple of 59?
True
Is 23690724 a multiple of 204?
True
Does 95 divide 2227180?
True
Does 418 divide 61695546?
True
Does 14 divide 21304943?
False
Is 595 a factor of 3713279?
False
Does 3409 divide 544335484?
True
Is 64735965 a multiple of 3583?
False
Is 22 a factor of 490536757?
False
Is 3289 a factor of 105909089?
True
Does 17 divide 64058?
False
Is 2372 a factor of 77231816?
False
Is 13 a factor of 19268808?
True
Is 2237 a factor of 1423893003?
True
Is 514288320 a multiple of 203?
True
Is 1293910800 a multiple of 1400?
True
Does 3 divide 4300195?
False
Does 540 divide 741676500?
True
Is 62822951 a multiple of 12?
False
Is 67 a factor of 2220597884?
True
Does 2030 divide 660263590?
True
Is 64 a factor of 1356631360?
True
Does 187 divide 11250855?
True
Is 384226754 a multiple of 54?
False
Does 565 divide 1426604660?
True
Does 1037 divide 342651762?
True
Does 10 divide 1319508181?
False
Is 1206 a factor of 15924663?
False
Is 1395 a factor of 124617087?
False
Is 15 a factor of 50563172?
False
Does 228 divide 153684104?
False
Is 295 a factor of 335857205?
True
Is 723542828 a multiple of 563?
True
Is 99798074 a multiple of 165?
False
Does 116 divide 173197860?
True
Is 147 a factor of 269854515?
True
Does 72 divide 5306454?
False
Is 396183302 a multiple of 131?
False
Is 2015 a factor of 49569718?
False
Is 3779277348 a multiple of 44?
True
Is 70520405 a multiple of 3999?
False
Is 13 a factor of 90784891?
False
Is 5622014 a multiple of 6?
False
Does 2478 divide 3775927955?
False
Does 1829 divide 1236779600?
False
Is 105 a factor of 7543725?
True
Does 22 divide 8383881?
False
Does 121 divide 387900767?
False
Is 112 a factor of 677499?
False
Is 4545193992 a multiple of 4473?
False
Does 139 divide 269493564?
False
Is 159788067 a multiple of 816?
False
Is 10419747 a multiple of 71?
True
Is 676810834 a multiple of 5474?
True
Is 377 a factor of 24061510?
False
Does 636 divide 261055740?
True
Is 187840300 a multiple of 50?
True
Is 94071136 a multiple of 1611?
False
Is 256325014 a multiple of 207?
False
Does 600 divide 6789600?
True
Is 5963482158 a multiple of 1002?
True
Is 457 a factor of 39187498?
False
Does 43 divide 27921835?
True
Does 86 divide 1786672360?
True
Is 19884167 a multiple of 3?
False
Is 11 a factor of 2636620421?
False
Is 258506940 a multiple of 194?
True
Does 3189 divide 165697251?
True
Is 121894869 a multiple of 93?
False
Is 656 a factor of 64838384?
True
Is 441459576 a multiple of 522?
True
Is 2042 a factor of 1721480717?
False
Is 516172240 a multiple of 5776?
True
Does 101 divide 68363299?
False
Is 13873563 a multiple of 387?
True
Is 943 a factor of 75602378?
False
Does 1425 divide 312878963?
False
Does 221 divide 830013886?
False
Is 35 a factor of 4451503?
False
Is 19939065 a multiple of 31?
False
Does 1056 divide 635487072?
True
Is 993298061 a multiple of 7?
True
Is 412 a factor of 1208914100?
False
Does 1884 divide 483220745?
False
Does 15 divide 335646434?
False
Is 29 a factor of 370451771?
True
Is 18 a factor of 2967948?
True
Does 23 divide 4361500?
False
Is 4059 a factor of 111930984?
True
Does 7 divide 1264386473?
True
Is 9 a factor of 5007951?
True
Is 95141140 a multiple of 5?
True
Is 14 a factor of 70677278?
True
Is 13 a factor of 96391671?
False
Is 256727256 a multiple of 4164?
True
Is 1465490020 a multiple of 55?
False
Is 135691557 a multiple of 93?
True
Is 1109334205 a multiple of 35?
True
Is 8324600 a multiple of 428?
True
Is 6386318 a multiple of 25?
False
Does 47 divide 22981402?
True
Is 17 a factor of 281918800?
False
Is 286 a factor of 2229800848?
False
Does 3 divide 10952065?
False
Does 208 divide 524832048?
True
Is 67 a factor of 63882673?
False
Is 1253845593 a multiple of 18?
False
Is 1024 a factor of 268769799?
False
Does 30 divide 2228940?
True
Is 469337805 a multiple of 1743?
False
Does 237 divide 133391184?
True
Is 240 a factor of 1014079?
False
Is 2542 a factor of 11314442?
True
Is 70 a factor of 3224060?
True
Is 114537845 a multiple of 14?
False
Is 59 a factor of 28244362?
True
Is 253 a factor of 142099980?
True
Is 61035849 a multiple of 41?
False
Is 28 a factor of 430567900?
True
Is 72 a factor of 875144548?
False
Is 942 a factor of 22405788?
False
Is 236127894 a multiple of 53?
False
Is 344 a factor of 2368770?
False
Is 10 a factor of 1090774940?
True
Does 619 divide 2127457194?
True
Is 135 a factor of 1481706175?
False
Does 195 divide 96405075?
True
Does 353 divide 402495156?
False
Is 46 a factor of 1302674?
True
Is 167017448 a multiple of 628?
False
Is 790192928 a multiple of 1442?
True
Does 5 divide 3741094?
False
Is 128169020 a multiple of 730?
True
Does 35 divide 91440700?
False
Does 1071 divide 139813695?
True
Does 148 divide 1684890460?
True
Is 169 a factor of 1282851?
False
Is 9 a factor of 771687578?
False
Does 920 divide 793956112?
False
Is 44742672 a multiple of 2232?
True
Is 42877645 a multiple of 395?
True
Is 32088846 a multiple of 402?
True
Is 4 a factor of 7758121?
False
Is 118915056 a multiple of 48?
True
Is 480 a factor of 33010560?
True
Does 13 divide 199615052?
True
Is 1594885993 a multiple of 1436?
False
Is 340 a factor of 51280840?
True
Is 640 a factor of 80729600?
True
Is 14654032 a multiple of 88?
False
Is 47 a factor of 1248180667?
False
Is 633949131 a multiple of 11?
False
Does 145 divide 39023560?
True
Does 21 divide 63491736?
True
Does 19 divide 455782451?
False
Is 25150592 a multiple of 8?
True
Does 227 divide 54175139?
True
Is 18854049 a multiple of 12?
False
Is 7773978